).
14
Let p(g) be the second derivative of -g**4/12 - g**3/6 - g**2 + g - 3. Let s(f) = -f + 41. Let h be s(45). Calculate p(h).
-14
Let b(c) = c**2 - 14*c - 1. Let k(u) = 44*u - 2941. Let v be k(67). Give b(v).
-50
Let y be (560/30)/(2/(-36)*-3). Let b = y + -102. Let x(n) = -b*n - 12 + 3*n + 11. Give x(-2).
13
Let h be (-4)/12*(6 - 6). Suppose 0 = -4*n + 3*n + 21. Let w(i) = -n*i + 22*i + 4 + i**2 - 6 - i**3. Determine w(h).
-2
Let m(i) = -i**3 - 29*i**2 + 24*i - 190. Let q be m(-30). Let x(z) = z**2 + 27*z + 173. What is x(q)?
3
Let z be ((-4)/2 + 27/(-3))/(-1 - -2). Let a(r) = 5*r + 54. Calculate a(z).
-1
Let b(o) = -2*o**3 - 10*o**2 - 9*o - 7. Let d(m) = 3*m**3 + 19*m**2 + 17*m + 15. Let s(k) = 5*b(k) + 3*d(k). Let f be ((-10220)/(-511))/(10/4). Give s(f).
-6
Let h(r) = -r + 7. Let u(q) = 3 + 0 + 0 - 2. Let t(k) = -h(k) + 3*u(k). Let w be (35/(-70))/((-2)/(-12)). What is t(w)?
-7
Suppose 0*u - 4*u = -4. Suppose a - 6 = -u. Suppose -41 = a*p - 6. Let q(j) = -j**2 - 8*j - 2. What is q(p)?
5
Let m(z) = -9*z**2 - 29*z + 107. Let y(s) = -s**2 - 4*s + 13. Let n(t) = -2*m(t) + 17*y(t). Calculate n(10).
7
Let f(m) = -2*m + 6. Suppose 520 = 3*r + 934. Let u = r - -143. What is f(u)?
-4
Let b(s) = -6*s + 4 - 16704*s**2 - 2 + 16703*s**2. Let h be 3 - 1 - (-2 - -8). What is b(h)?
10
Suppose 0 = -8*h + 100 - 172. Let n(k) be the third derivative of -k**6/120 - 3*k**5/20 - k**4/24 - k**3 - 7*k**2. What is n(h)?
3
Let d be 5/(-1)*-1 + -1 - 0. Suppose -d - 2 = -2*b. Let x(w) = w - 1. Let u be x(b). Let q(m) = -4*m**3 + 3*m**2 - m + 2. What is q(u)?
-20
Let q(j) = -j**3 + 4*j**2 - j + 9. Suppose -629 + 79 = -11*n. Suppose -49*m - 4 = -n*m. Determine q(m).
5
Let k(v) be the third derivative of v**6/120 - v**5/4 + 3*v**4/8 + 10*v**3 + 3*v**2 - 75*v + 3. Determine k(14).
-10
Let x be (6/9 + (-30)/315)*7/2. Let w(p) be the second derivative of 6*p + 0 - 1/3*p**3 + 1/2*p**x. Give w(-3).
7
Let u(d) = -17*d + 101. Suppose 38 = -18*q + 146. Give u(q).
-1
Let i(h) be the first derivative of h**3/3 - h**2 + 29*h - 8. Give i(0).
29
Let f(l) = l**3 - 2*l + 7. Let h(k) = k**3 + 27*k**2 + 48*k - 50. Let c be h(-25). Give f(c).
7
Let u(d) = 74*d - 3. Suppose 20*h + 3 + 1 = 4. Calculate u(h).
-3
Let i be (657/27 - 11)*18/(-24). Let r(l) = -6*l**2 - 10*l + 5. Let g(s) = -s**2 - 1. Let k(o) = -5*g(o) + r(o). Give k(i).
10
Let t = -191 - -187. Let b(u) be the second derivative of u**5/20 + u**4/6 - u**3/2 + 2*u**2 - 3*u + 12. Calculate b(t).
-16
Let t(j) = -9*j + 9. Suppose -4*a = 69 - 1. Let c(z) be the first derivative of -3*z**2/2 + 3*z + 11. Let n(o) = a*c(o) + 6*t(o). Calculate n(-3).
12
Let p(x) = -x**2 + 7*x + 5. Let a(k) = -k**3 + 9*k + 6. Let u(f) = f**3 + 11*f**2 - 13*f - 12. Let h be u(-12). Let d be a(h). Give p(d).
11
Let u(r) = -6565*r + 6619*r - 8 + r**3 - 30*r**2 + 51. What is u(28)?
-13
Let k(w) = -w**2 - 8*w + 3. Let p be (-8 - 1)/((-6)/14 - (-340)/238). Give k(p).
-6
Let z(k) be the first derivative of -8*k**2 - 13*k - 1905. Give z(0).
-13
Suppose 132*c - 147*c = 3870. Let j = 256 + c. Let o(k) = -2*k**2 + 3*k + 4. What is o(j)?
-10
Let g = -85 - -77. Let q(n) = 10*n - 7*n - 4*n + 55 - 57. Determine q(g).
6
Let l(i) = 589*i**2 + 32*i + 78. Let z(s) = 687*s**2 + 32*s + 79. Let b(n) = -7*l(n) + 6*z(n). Calculate b(-29).
15
Let a = -470 - -900. Let y = 435 - a. Let t(k) = -k**3 + 5*k**2 + 2*k - 7. What is t(y)?
3
Let o(y) = 11*y + 176. Let u(x) = 2*x + 33. Let a(g) = -o(g) + 5*u(g). Let d(l) = -l**2 + 2*l - 2. Let t be d(3). Determine a(t).
-6
Let i(m) = -m**2 + 11*m + 88. Let u(a) = -2*a**2 + 24*a + 176. Let b(n) = -9*i(n) + 4*u(n). Let c(y) be the first derivative of b(y). Give c(-5).
-13
Let b be ((0 - 2/(-6)) + (-4)/3)*-4. Let h(o) be the first derivative of 2*o**2 - 5*o - 5. Give h(b).
11
Let n(s) = 2*s**3 - 8*s**2 - 4*s + 10. Let j = -34677 + 34683. What is n(j)?
130
Let u = -470 + 485. Suppose -10*d - 5 = u. Let t(y) = 9*y**2 - 1. Give t(d).
35
Let j(x) = x**3 + 8*x**2 - x - 4. Let z be ((-4)/8)/(1/((-6)/1)). Suppose 37 + z = -5*r. Calculate j(r).
4
Let r(h) = -4*h + 14. Let i be (16 - 6)*4/40. Let v(s) = -s + 3. Let a(p) = i*r(p) - 5*v(p). What is a(0)?
-1
Let g(x) be the first derivative of 2*x**3 + 2*x**2 - 2*x + 1724. What is g(-4)?
78
Let g(k) = 3*k - 23*k + 6*k - 22 + 12*k. Give g(-17).
12
Suppose 0 = -2*h - 2*h + 40. Let s(w) = h + 1 - 6 + 5*w. Calculate s(-7).
-30
Let a(p) = -5*p**2 + 42*p + 4. Let g(t) = -t**3 + 9*t**2 + 11*t + 128. Let x be g(11). Give a(x).
53
Let o(g) = -3*g**3 - 83*g**2 + 26*g - 54. Let a(w) = -37*w - 2618. Let k be a(-70). What is o(k)?
2
Suppose -1055285*n + 1055284*n - 7 = 0. Let k(j) be the second derivative of -j**4/6 - 5*j**3/3 - 9*j**2/2 - 3*j. Determine k(n).
-37
Let d(l) = -2*l**2 + 160. Let j be d(-9). Let y(w) = -5*w**2 - 4*w + 2. What is y(j)?
-10
Suppose -5*h + 15 = -5*o, -o = -1603 + 1605. Let a(x) = 7*x**2 - 18*x + 17. Calculate a(h).
6
Let f(n) = -3*n**2 + 6*n + 28. Let g(q) = -223*q + 4233. Let s be g(19). Give f(s).
-44
Let x(k) = k**2 + 2*k. Let m be x(-1). Let z = 985 + -969. Let y(l) = -16*l**2 - 1 - l**3 + z*l**2. Calculate y(m).
0
Let u(x) = 20*x - 142. Let b be u(8). Let z be -51*((-4)/(-8) - 3/b). Let t(f) = f**2 + 15*f - 34. Give t(z).
0
Let i(x) = 4*x + 2*x**2 + 6 + 0 - x**2. Let h = -1229 - -1227. Let f be (2 - (1 + 3))*(0 - h). Determine i(f).
6
Let w(z) = -6*z. Let x(t) = t**2 - t - 7. Let n = -94 + 91. Let u be x(n). Determine w(u).
-30
Let r(b) = -b**2 - 24. Let p(v) = -502*v - 20. Let k be p(-1). Let c = 482 - k. Determine r(c).
-24
Let z(j) = -43*j**2. Let d(m) = -214*m**2 - 17*m + 28. Let i(x) = -d(x) + 5*z(x). Give i(9).
44
Let m(a) = -8 + a**2 - 2*a**2 + 5 - 6. Let q(r) = 5*r**2 - 26*r - 24. Let p be q(6). Calculate m(p).
-9
Let i = -1836 - -1836. Let r(t) = 2*t**3 + t**2 - t - 34. What is r(i)?
-34
Let l = -13 + 18. Let x(b) = -3*b**2 - 3 - 159*b + 83*b - b**2 - 2*b**2 + 79*b + b**3 + 6. What is x(l)?
-7
Suppose -46*r + 18*r + 4732 = 0. Let v = -174 + r. Let t(j) = -j - 4. Calculate t(v).
1
Let x(r) = -2*r**3 - 33*r**2 + 97*r + 783. Let z be x(-18). Let p(j) = j**3 - 9*j**2 - 7*j + 59. What is p(z)?
-4
Let c(n) = -22 + 222*n + 4*n**2 - 112*n + 26 + 76*n**2 - 114*n. What is c(1)?
80
Let l(w) = 8 + 18 - 26 + 1 + 2*w**3 - 3*w + 2*w**2. Let d be l(1). Let z(y) = -14*y + 23. Let k(j) = 5*j - 8. Let n(u) = 17*k(u) + 6*z(u). Determine n(d).
4
Suppose -3*h = -5*h + 3*g + 8, 5*h - 58 = -2*g. Let t(c) = c. Let y(r) = -r**2 + 9*r - 15. Let w(u) = -4*t(u) - y(u). Determine w(h).
-15
Let y(r) = r + 5. Suppose j - 3*z = -3*j + 119, 2*j + 2*z - 56 = 0. Let p = j + -27. Suppose -3*s + p - 16 = 5*l, 0 = 5*l - 5*s + 30. Calculate y(l).
1
Let j(x) = 74*x - 82*x - 3 + 3. Suppose 4*w + 0*u - 5*u + 385 = 0, 4*w - u + 381 = 0. Let y = 94 + w. Determine j(y).
8
Let o(t) = 5*t**3 - 10*t**2 + t + 2. Let n be -5 + -1 + (10 - 1). Let s(i) = 2*i**3 - i**2 + i - 1. Let w(x) = n*s(x) - o(x). Determine w(-6).
19
Let m(t) be the third derivative of -1/120*t**6 + 0 + 5/24*t**4 + 0*t + t**2 + 1/6*t**3 + 1/15*t**5. Let q be ((-18)/(-6))/(14/26) - 20/35. Calculate m(q).
1
Let q(h) = -10*h - 1. Let g(y) = 2*y**2 + 8*y + 20. Let k be g(-6). Let b = k - 40. Suppose -b*d - 10 = 5*v, -3*v + 0 = 2*d + 4. Calculate q(v).
-21
Let f(d) = -d**3 + 4*d**2. Let h(x) = 22*x + 24. Let j be h(2). Let v be -2 - ((-17)/119 + j/(-14)). Calculate f(v).
9
Let f be (-148)/(-2)*45/90. Let a(j) = -2 - j**3 + f*j - 36*j - 13*j**2 + 12*j**2. Calculate a(-3).
13
Suppose 0 = d - 3*m, 32*d = 27*d + 3*m + 36. Let c(k) = -k**3 + 9*k**2 - 4*k + 28. Calculate c(d).
-8
Let c(s) = -7*s - 270. Suppose 1072*y = 1063*y - 351. Determine c(y).
3
Let t(c) = -2*c**2 - 14*c - 23. Let r be t(-4). Let u(m) be the third derivative of -13*m**6/120 + m**4/24 + 2*m**2 - 140*m. Calculate u(r).
-12
Let j(q) be the first derivative of q**3/3 + 4*q**2 + 19*q - 2069. What is j(-6)?
7
Let k(w) = w**2 + 13*w + 14. Suppose -12*g + 10*g + 2*f - 356 = 0, 8 = 4*f. Let l be (-32)/g + 112/(-11). Determine k(l).
-16
Let z(p) = -p**2 - 6*p - 2. Let g(y) = 2*y**3 - 9*y**2 - 7*y - 2. Let s be g(7). Let h = 189 - s. What is z(h)?
3
Let d(r) = -r**2 - 7*r - 8. Let j be d(-7). Let h(x) = -7*x**3 + 29. Let n(t) = t**3 + t**2 - 5. Let k(y) = h(y) + 8*n(y). Calculate k(j).
-11
Let r(s) 